e the remainder when 780110 is divided by 1118.
864
What is the remainder when 1967275 is divided by 267?
19
Calculate the remainder when 576674 is divided by 21358.
8
Calculate the remainder when 18146109 is divided by 91.
72
Calculate the remainder when 3208898 is divided by 2255.
33
Calculate the remainder when 2265460 is divided by 4119.
10
Calculate the remainder when 4918413 is divided by 5495.
388
Calculate the remainder when 379295 is divided by 10535.
35
Calculate the remainder when 11907461 is divided by 57.
47
What is the remainder when 213514 is divided by 71127?
133
Calculate the remainder when 170330 is divided by 34054.
60
Calculate the remainder when 77716 is divided by 77013.
703
What is the remainder when 971537 is divided by 21589?
32
What is the remainder when 137428 is divided by 4907?
32
Calculate the remainder when 495269 is divided by 15477.
5
Calculate the remainder when 559200 is divided by 209.
125
What is the remainder when 45296750 is divided by 85?
80
What is the remainder when 60460187 is divided by 8582?
8579
What is the remainder when 2162805 is divided by 1565?
1540
Calculate the remainder when 49980 is divided by 486.
408
What is the remainder when 10405523 is divided by 2351?
2348
Calculate the remainder when 381140 is divided by 4631.
1398
What is the remainder when 1045960 is divided by 11?
3
What is the remainder when 57552110 is divided by 141?
140
Calculate the remainder when 3814669 is divided by 2901.
2755
What is the remainder when 30489583 is divided by 255?
253
Calculate the remainder when 13270040 is divided by 24.
8
What is the remainder when 1534462 is divided by 38361?
22
Calculate the remainder when 23593380 is divided by 703.
700
Calculate the remainder when 176731 is divided by 58803.
322
Calculate the remainder when 881236 is divided by 440562.
112
What is the remainder when 72966 is divided by 1031?
796
What is the remainder when 69870 is divided by 573?
537
What is the remainder when 37602246 is divided by 7520445?
21
What is the remainder when 3706836 is divided by 402?
396
Calculate the remainder when 318760 is divided by 31860.
160
What is the remainder when 23326 is divided by 559?
407
What is the remainder when 8214766 is divided by 577?
17
What is the remainder when 70411 is divided by 70405?
6
What is the remainder when 12457749 is divided by 1616?
5
Calculate the remainder when 3442707 is divided by 1460.
27
Calculate the remainder when 9996287 is divided by 145.
132
Calculate the remainder when 336873 is divided by 38.
3
Calculate the remainder when 33552736 is divided by 87605.
21
What is the remainder when 1654449 is divided by 108?
105
Calculate the remainder when 19960 is divided by 19893.
67
Calculate the remainder when 3579603 is divided by 447447.
27
What is the remainder when 2489316 is divided by 829767?
15
Calculate the remainder when 479230 is divided by 3238.
6
What is the remainder when 19643869 is divided by 928?
893
What is the remainder when 4367518 is divided by 720?
718
Calculate the remainder when 91272 is divided by 67.
18
What is the remainder when 1486004 is divided by 61883?
812
Calculate the remainder when 357728 is divided by 119189.
161
Calculate the remainder when 40988 is divided by 1857.
134
Calculate the remainder when 14622496 is divided by 913905.
16
What is the remainder when 734267 is divided by 244754?
5
Calculate the remainder when 16707713 is divided by 8.
1
What is the remainder when 31577 is divided by 806?
143
Calculate the remainder when 331148 is divided by 7195.
178
What is the remainder when 495913 is divided by 6987?
6823
What is the remainder when 51233334 is divided by 53?
36
What is the remainder when 762411 is divided by 264?
243
Calculate the remainder when 199371426 is divided by 851.
848
Calculate the remainder when 194885 is divided by 96650.
1585
What is the remainder when 9163011 is divided by 36506?
5
Calculate the remainder when 860716 is divided by 3164.
108
Calculate the remainder when 16536146 is divided by 2896.
2882
Calculate the remainder when 98311695 is divided by 4385.
4380
Calculate the remainder when 3216958 is divided by 720.
718
What is the remainder when 758218 is divided by 1776?
1642
What is the remainder when 6253722 is divided by 78?
72
What is the remainder when 97611959 is divided by 1622?
1621
Calculate the remainder when 87202 is divided by 1895.
32
What is the remainder when 643439 is divided by 1500?
1439
What is the remainder when 702069 is divided by 140387?
134
What is the remainder when 193309 is divided by 4296?
4285
Calculate the remainder when 62069 is divided by 552.
245
What is the remainder when 1827424 is divided by 1?
0
Calculate the remainder when 4548171 is divided by 99.
12
What is the remainder when 753374 is divided by 2392?
2286
Calculate the remainder when 2779399 is divided by 13.
12
Calculate the remainder when 13303701 is divided by 2042.
71
Calculate the remainder when 4209884 is divided by 38.
16
Calculate the remainder when 1398797 is divided by 50.
47
What is the remainder when 1891890 is divided by 24570?
0
What is the remainder when 5607191 is divided by 174?
41
What is the remainder when 653121 is divided by 177?
168
What is the remainder when 245860 is divided by 122896?
68
Calculate the remainder when 15358812 is divided by 5.
2
What is the remainder when 80136 is divided by 2964?
108
Calculate the remainder when 3877404 is divided by 35.
34
Calculate the remainder when 170306 is divided by 84558.
1190
What is the remainder when 1136937 is divided by 227335?
262
Calculate the remainder when 6726781 is divided by 7.
5
Calculate the remainder when 17275438 is divided by 359.
358
What is the remainder when 3012696 is divided by 2391?
36
What is the remainder when 306030 is divided by 871?
309
Calculate the remainder when 2122650 is divided by 31.
18
Calculate the remainder when 291674 is divided by 152.
138
What is the remainder when 132112 is divided by 44007?
91
Calculate the remainder when 2070918 is divided by 2070918.
0
Calculate the remainder when 4612 is divided by 2224.
164
Calculate the remainder when 3225082 is divided by 787.
743
What is the remainder when 58816796 is divided by 19?
16
Calculate the remainder when 3980775 is divided by 20.
15
Calculate the remainder when 60246928 is divided by 38252.
28
Calculate the remainder when 2757644 is divided by 3757.
6
Calculate the remainder when 788059 is divided by 196069.
3783
What is the remainder when 15980045 is divided by 55?
15
Calculate the remainder when 550930 is divided by 550902.
28
What is the remainder when 17796167 is divided by 13?
12
What is the remainder when 15560384 is divided by 648349?
8
Calculate the remainder when 78871 is divided by 209.
78
What is the remainder when 565483150 is divided by 82?
80
What is the remainder when 55194196 is divided by 2881?
2879
What is the remainder when 50402013 is divided by 322?
319
What is the remainder when 46842967 is divided by 530?
507
Calculate the remainder when 1343203 is divided by 1432.
1419
Calculate the remainder when 5062125 is divided by 275.
200
What is the remainder when 26405 is divided by 13160?
85
Calculate the remainder when 79904342 is divided by 1239.
1232
What is the remainder when 23514656 is divided by 472?
88
Calculate the remainder when 19002191 is divided by 374.
373
Calculate the remainder when 164475 is divided by 10962.
45
What is the remainder when 168985 is divided by 96?
25
Calculate the remainder when 507482 is divided by 2245.
112
Calculate the remainder when 5497821 is divided by 510.
21
What is the remainder when 1324128 is divided by 734?
726
What is the remainder when 2922268 is divided by 417465?
13
What is the remainder when 112273 is divided by 11148?
793
What is the remainder when 5197608 is divided by 2281?
1490
Calculate the remainder when 3537417 is divided by 618.
603
What is the remainder when 54301212 is divided by 214?
210
What is the remainder when 93940696 is divided by 159?
157
Calculate the remainder when 5503493 is divided by 2915.
2888
Calculate the remainder when 1034204 is divided by 1633.
515
Calculate the remainder when 487107 is divided by 75.
57
What is the remainder when 1666501 is divided by 